 Let r(k) = -2*h(k) - i(k). Let j be r(2). Let x = j + 74. List the prime factors of x.
2
Let f(l) = -364*l - 6. List the prime factors of f(-2).
2, 19
Suppose -3*g = -l + 58, 0 = -3*g + 4*g - 5*l + 38. What are the prime factors of (-32)/g + -2 + 256/18?
2, 7
Suppose 8*z - 3*z = -2*z. Suppose 4*o + 16 = z, -2*l = 4*o - 38 - 234. List the prime factors of l.
2, 3
Let f(v) = 291*v**3 + 12*v**2 - 13*v + 1. What are the prime factors of f(1)?
3, 97
Let r(j) = -j**3 + 5*j**2 - 8*j - 9. Let g be r(10). Let w = -406 - g. Suppose 4*d = 5*u - 207, -u + 4*d = -6*u + w. What are the prime factors of u?
3, 13
Let t be 342/26 - 4/26. Let q = 1 + t. What are the prime factors of q?
2, 7
Suppose 312 = 5*t - v, 2*t - 52 = t - 5*v. What are the prime factors of t?
2, 31
Let j(z) = -3*z**2 + z + 782. What are the prime factors of j(0)?
2, 17, 23
Let x = -574 - -1640. List the prime factors of x.
2, 13, 41
List the prime factors of 75/(-4)*8/3*-10.
2, 5
Let d(a) = a + 17. Let y be d(0). Let b = 17 - y. Suppose 7*l - l - 306 = b. What are the prime factors of l?
3, 17
What are the prime factors of (131820/(-28))/(-3) - 6/21?
3, 523
Suppose -2440 = 50*s - 55*s. What are the prime factors of s?
2, 61
Let p = 106 - 8. Suppose 4*q + q = -3*g + 79, 4*g - p = -3*q. Suppose 0 = c - g - 0. What are the prime factors of c?
23
List the prime factors of (-3 + (-17)/(-5))*6195 - -1.
37, 67
Let j be ((-2)/3*15)/(7 - 8). Suppose j*i + 726 = 16*i. List the prime factors of i.
11
Let x(u) = -58*u + 117. List the prime factors of x(-7).
523
List the prime factors of (-46)/(-207) + 1789/9.
199
Let r = -317 + 655. What are the prime factors of r?
2, 13
Let o = -1992 + 2837. What are the prime factors of o?
5, 13
Let n(l) = -8*l + 125. What are the prime factors of n(-18)?
269
Suppose -u = -1960 - 38. List the prime factors of u.
2, 3, 37
Let d = -702 - -387. What are the prime factors of (4/10)/(((-24)/d)/8)?
2, 3, 7
Let d = 207 + -7. Let n = d - 134. List the prime factors of n.
2, 3, 11
Suppose 0*k + 86 = k. Suppose 5*q + k = 416. List the prime factors of q.
2, 3, 11
Let z = -415 - -1082. What are the prime factors of z?
23, 29
Let h(n) = n**2 - 4*n + 5. Let c(u) = -2*u - 39. Let k be c(-15). List the prime factors of h(k).
2, 61
Suppose 14*u = 16*u - 4. Suppose 5*t = f + 200, t - u*f = -3*f + 46. What are the prime factors of t?
41
Suppose 3*p - 703 = -5*i, 2*p - 2*i = 3*i + 452. Let k = p - 122. What are the prime factors of k?
109
Let b(x) = -x**3 + 5*x**2 + 2*x - 3. Let o be b(5). Suppose -10 = o*c - 9*c. Suppose -2*j + 50 = -4*d, -c*j + 2*d = 4*d - 137. What are the prime factors of j?
3
Let u(h) = -h**3 + 22*h**2 - 19*h + 67. List the prime factors of u(20).
487
Let u = -30 - -35. Suppose u*l = -3*n + 175, -l + 3*n + 2 = -15. List the prime factors of 3 - (-8*l)/4.
67
Let c(h) = -3109*h - 26. List the prime factors of c(-1).
3083
Let c be 6/(1 + -3) + -14. Let v = c + 34. Let t = v + -8. List the prime factors of t.
3
Let k be (-111)/(-21) + 4/(-14). Suppose -k*x + 3*x + 12 = 0. Suppose 3 = s - x. What are the prime factors of s?
3
Let q(u) = -2*u**3 + 10*u**2 + 9*u + 10. List the prime factors of q(-6).
2, 11, 17
Suppose 7*l - 3*l - 11 = h, 3*h - 3*l + 15 = 0. Let d(c) = -12*c + 20. What are the prime factors of d(h)?
2, 7
Let m(k) = -7*k - 42. Let z(s) = -6*s - 36. Let v(c) = -5*m(c) + 6*z(c). Let w(r) = -3*r + 1. Let j be w(3). List the prime factors of v(j).
2
Let a = 3366 - 1201. List the prime factors of a.
5, 433
Suppose -16 + 8 = -2*r. Let m(b) = b**3 + 4*b**2 - 5*b + 7. List the prime factors of m(r).
5, 23
Let d be 0 - 22/((-8)/4). List the prime factors of (-22)/d - -20*3.
2, 29
Let p = -76 + 260. Suppose 2*z - y = 94, -4*y - p = -z - 3*z. List the prime factors of z.
2, 3
Let z be (0 - (-28)/(-3))*9. List the prime factors of 24/z - 1208/(-14).
2, 43
Suppose -5*v + 2*d + 3*d = -90, 0 = -4*v - d + 72. Let p be (-94)/v + 2/9. What are the prime factors of 75/10*(-4)/p?
2, 3
Let a be 1 + 1 + 0 + (-24)/3. What are the prime factors of (-10)/40 + a*62/(-16)?
23
What are the prime factors of 30/25*1950/18?
2, 5, 13
Suppose -3*h - 2*h + 1800 = 0. What are the prime factors of h?
2, 3, 5
Let g = 2947 + 610. List the prime factors of g.
3557
Suppose -4*s + 36 + 24 = -3*k, 2*k = -8. Let y(z) = -5*z**2 + z**3 + 3*z**3 + 7*z - 7*z**2 - 11 - 3*z**3. What are the prime factors of y(s)?
73
Suppose -2*d - 4165 - 5509 = -5*j, 0 = 2*j + d - 3866. List the prime factors of j.
2, 967
Suppose -4*d = -4*i + 48, -d = 2*i - 8 + 32. Let k = d - -20. Let c(z) = 3*z**2. List the prime factors of c(k).
2, 3
Let i = 88 - 52. Let j = i + 9. What are the prime factors of j?
3, 5
Suppose 3*w - 57 - 15 = 0. Let i = w + -9. Suppose -5*f + 50 + i = 0. List the prime factors of f.
13
Let r = 352 - -222. What are the prime factors of r?
2, 7, 41
Let q be -24 + (-1 - -1) + -2. Let b be -40 - (0 + 2/(-1)). Let w = q - b. List the prime factors of w.
2, 3
Let c(g) = -g**3 - 8*g**2 + 10*g + 10. Let u be c(-9). Let j(d) be the first derivative of 4*d**3 - d**2/2 - 1. What are the prime factors of j(u)?
11
Let y(h) = 21*h**2 + 27*h - 164. List the prime factors of y(7).
2, 17, 31
List the prime factors of -6 + 38952/32 - (-3)/4.
2, 3, 101
Let u = -5580 + 11363. What are the prime factors of u?
5783
Suppose x - 34 - 2052 = 2*l, 0 = 5*l + 20. What are the prime factors of x?
2, 1039
Let q(t) = 4*t**2 - 6*t + 11. Let i be q(2). List the prime factors of (144/(-10))/(57/i - 4).
2, 3
Suppose 39300 = -128*s + 188*s. What are the prime factors of s?
5, 131
What are the prime factors of -4 - (2 + 1620/16)*-4?
409
Let h(z) = -z - 6. Let q be h(-11). Suppose 2*i = 3*p - 418, p = 3*p - q*i - 275. Suppose f + p = 5*v, 3*v - 2*f = -0*v + 77. List the prime factors of v.
29
Let v(g) be the second derivative of -3*g**3 - 31*g**2/2 + 8*g. List the prime factors of v(-15).
239
Let q(i) = 5*i + 68. What are the prime factors of q(11)?
3, 41
Let d(k) = -5*k + 118. List the prime factors of d(22).
2
Let v = 99 + 1249. What are the prime factors of v?
2, 337
Let o = 63 + -125. Let p = 116 + o. List the prime factors of p.
2, 3
Let y be 504/2 - (-7 - -11). Let j = y - 51. What are the prime factors of j?
197
Let k = 17 - 10. Let t = k + -7. Suppose t*v = 5*v - 125. What are the prime factors of v?
5
Suppose 0 = -26*f + 38553 + 7285. What are the prime factors of f?
41, 43
Suppose -f + 10 = -9. Suppose -f = 3*g - 7. Let q = g - -7. What are the prime factors of q?
3
Let j(z) = -z**2 + 11*z + 8. Let s = -23 + 13. Let v = s - -19. List the prime factors of j(v).
2, 13
Let d = 5096 + -3514. What are the prime factors of d?
2, 7, 113
Let z = -83 + 88. Let d be (-1)/2*-3*2. Let i = z - d. What are the prime factors of i?
2
Let p(i) = 23*i - 1. Let h = 71 + -69. What are the prime factors of p(h)?
3, 5
Let s(y) = -y + 18. Let r be s(8). Suppose -13*k = -r*k - 33. Suppose -56 = -2*d + 2*h, -75 - k = -3*d + 5*h. List the prime factors of d.
3
Suppose 0 = -3*o - 2 + 20. Suppose 2*i - o*i = -s + 29, -5*s + 235 = -2*i. Suppose 4*v = 2*j - 30 - 6, 3*j - 5*v - s = 0. What are the prime factors of j?
2
Suppose -13*v - 3*k = -10*v - 3558, 5*k + 4762 = 4*v. What are the prime factors of v?
2, 3, 11
Suppose -2*l = -4*j - 10, 3*l + 4*j - 68 = -l. Suppose 0 = 6*q - l*q + 42. List the prime factors of q.
2, 3
Suppose -m = -6 - 0. Suppose 408 = -m*x + 10*x. What are the prime factors of x/(-2)*1/(-3)?
17
Let g = 1707 - 287. List the prime factors of g.
2, 5, 71
Let f be (-290)/14 + 4/(-14). Let j = f + 23. Suppose -r = -j*p - 31, 7*p - 3*p - 169 = -5*r. List the prime factors of r.
3, 11
Suppose -3617 + 863 = -9*a. What are the prime factors of a?
2, 3, 17
Suppose -9 = 2*o + 3*u - 41, -5*o + 102 = 2*u. Suppose -o = 2*h - 206. List the prime factors of h.
2, 23
Let t(s) = -s**2 - 12*s + 9. Let u be t(-12). Suppose 3*m = -u, -6*a - 2*m = -2*a - 142. List the prime factors of a.
37
Let o(r) = r**2 + r - 1. Let t be o(2). Suppose -2*m + 0*w + 149 = w, -t*m + 5*w + 380 = 0. List the prime factors of m.
3, 5
Let z(y) = y**3 - 16*y**2 + 14*y + 21. Let x be z(15). Let l = 99 - x. List the prime factors of l.
3, 31
Let m = -6740 - -10782. What are the prime factors of m?
2, 43, 47
Suppose 2*x - 37 = x. Suppose -2*y + x = 3*m, y - 13 = -y + 5*m. What